{"id":3,"date":"2021-02-10T16:28:51","date_gmt":"2021-02-10T16:28:51","guid":{"rendered":"http:\/\/www.iparragirre.org\/?page_id=3"},"modified":"2025-02-05T16:47:53","modified_gmt":"2025-02-05T15:47:53","slug":"politica-de-proteccion-de-datos","status":"publish","type":"page","link":"https:\/\/www.iparragirre.org\/es\/politica-de-proteccion-de-datos\/","title":{"rendered":"Pol\u00edtica de privacidad"},"content":{"rendered":"\t\t<div data-elementor-type=\"wp-page\" data-elementor-id=\"3\" class=\"elementor elementor-3\" data-elementor-settings=\"[]\">\n\t\t\t\t\t\t<div class=\"elementor-inner\">\n\t\t\t\t\t\t\t<div class=\"elementor-section-wrap\">\n\t\t\t\t\t\t\t<section class=\"elementor-section elementor-top-section elementor-element elementor-element-79051bba elementor-section-boxed elementor-section-height-default elementor-section-height-default\" data-id=\"79051bba\" data-element_type=\"section\">\n\t\t\t\t\t\t<div class=\"elementor-container elementor-column-gap-default\">\n\t\t\t\t\t\t\t<div class=\"elementor-row\">\n\t\t\t\t\t<div class=\"elementor-column elementor-col-100 elementor-top-column elementor-element elementor-element-574df293\" data-id=\"574df293\" data-element_type=\"column\">\n\t\t\t<div class=\"elementor-column-wrap elementor-element-populated\">\n\t\t\t\t\t\t\t<div class=\"elementor-widget-wrap\">\n\t\t\t\t\t\t<div class=\"elementor-element elementor-element-5b3e7348 elementor-widget elementor-widget-text-editor\" data-id=\"5b3e7348\" data-element_type=\"widget\" data-widget_type=\"text-editor.default\">\n\t\t\t\t<div class=\"elementor-widget-container\">\n\t\t\t\t\t\t\t\t<div class=\"elementor-text-editor elementor-clearfix\">\n\t\t\t\t<section id=\"primary\" class=\"content-full-width\"><h4 class=\"pdt20\">POL\u00cdTICA DE PRIVACIDAD<\/h4><p>Conforme al Reglamento (UE) 2016\/679 del Parlamento y del Consejo de 27 de abril de 2016, relativo a la protecci\u00f3n de las personas f\u00edsicas en lo que respecta al tratamiento de sus datos personales y a la libre circulaci\u00f3n de \u00e9stos, le informamos de los siguientes aspectos:<\/p><h4 class=\"pdt20\">\u00bfQUI\u00c9N ES EL RESPONSABLE DEL TRATAMIENTO DE SUS DATOS?<\/h4><p>El responsable del tratamiento es Iparragirre Ikastola, con domicilio en c\/ Iparragirre 58, 48010 Bilbao y CIF R4800606-H. En cumplimiento de la normativa de protecci\u00f3n de datos este Centro Educativo ha designado un Delegado de Protecci\u00f3n de Datos (DPO \/ Data Protection Officer) cuyo nombramiento ha reca\u00eddo en Bultz-Lan Consulting.<\/p><p>Puede contactar con nuestro DPO en la siguiente direcci\u00f3n de correo electr\u00f3nico: <a href=\"mailto:dpo@elizbarrutikoikastetxeak.org\">dpo@elizbarrutikoikastetxeak.org<\/a><\/p><h4 class=\"pdt20\">FINALIDAD DE LOS DATOS PERSONALES QUE TRATAMOS<\/h4><p>Sus datos personales podr\u00e1n ser tratados con las siguientes finalidades:<\/p><ul><li>Formalizaci\u00f3n de la matr\u00edcula.<\/li><li>Gestionar las solicitudes de informaci\u00f3n para realizar estudios en nuestro Centro.<\/li><li>Para informarles de nuestras actividades y de nuestra oferta acad\u00e9mica.<\/li><li>Para el desarrollo y prestaci\u00f3n de nuestros servicios.<\/li><li>Para el cumplimiento de las obligaciones legales derivadas de los servicios educativos que ofrecemos.<\/li><li>Gesti\u00f3n de los datos de los curriculum recibidos para trabajar en nuestro centro.<\/li><li>Videovigilancia: el Centro dispone de un sistema de videovigilancia cuya finalidad es exclusivamente la seguridad de las personas y de los bienes.<\/li><\/ul><h4 class=\"pdt20\">LEGITIMACI\u00d3N LEGAL PARA EL TRATAMIENTO DE SUS DATOS<\/h4><p>La base legal para el tratamiento de sus datos est\u00e1 basado en el consentimiento obtenido de la persona interesada. Asimismo, este Centro Educativo est\u00e1 legitimado para el tratamiento de los datos personales de su alumnado en virtud de la Ley Org\u00e1nica de Educaci\u00f3n (LOE)<\/p><h4 class=\"pdt20\">\u00bfPOR CU\u00c1NTO TIEMPO SE CONSERVAR\u00c1N SUS DATOS?<\/h4><p>Los datos del alumno\/a relacionados con su expediente acad\u00e9mico se conservar\u00e1n de forma indefinida, conforme a la Ley Org\u00e1nica de Educaci\u00f3n.<\/p><p>Los datos personales de contacto se conservar\u00e1n mientras no se solicite su supresi\u00f3n por el interesado.<\/p><p>Los datos tratados para el cumplimiento de obligaciones legales se conservar\u00e1n durante el tiempo establecido en la legislaci\u00f3n aplicable.<\/p><p>Los datos tratados para el env\u00edo de las comunicaciones electr\u00f3nicas a las que se haya suscrito ser\u00e1n conservados mientras no se d\u00e9 de baja del newsletter y\/o ejercite sus derechos de oposici\u00f3n y\/o supresi\u00f3n.<\/p><p>Los datos personales de los curriculums vitae recibidos se conservar\u00e1n mientras no se solicite su supresi\u00f3n por el interesado.<\/p><h4 class=\"pdt20\">\u00bfA QUI\u00c9NES SE PODR\u00c1N COMUNICAR SUS DATOS?<\/h4><p>Determinados datos personales que nos proporciona podr\u00e1n cederse para la prestaci\u00f3n de las finalidades antedichas.<\/p><p>En su caso, a otros Centros Educativos en los que el alumno\/a contin\u00fae con su itinerario educativo, a instituciones y empresas en las que el alumnado participa en actividades complementarias y\/o cuando realicen intercambios escolares, al AMPA y\/o a la Asociaci\u00f3n de antiguos alumnos del centro, al Departamento de Educaci\u00f3n del Gobierno Vasco, a entidades financieras para gestionar el cobro de matr\u00edcula y cuotas acad\u00e9micas, a la compa\u00f1\u00eda de seguros con la que se tiene contratado el seguro escolar, y toda otra cesi\u00f3n autorizada por Ley.<\/p><h4 class=\"pdt20\">DERECHOS<\/h4><p>Podr\u00e1 ejercitar sus derechos de acceso, rectificaci\u00f3n, supresi\u00f3n, limitaci\u00f3n y dem\u00e1s derechos regulados en la normativa de protecci\u00f3n de datos, enviando una carta a la direcci\u00f3n arriba indicada o bien por correo electr\u00f3nico a ikastola@iparragirre.org. Deber\u00e1 enviarse junto con prueba v\u00e1lida en derecho, como fotocopia del DNI e indicando en el asunto \u201cPROTECCI\u00d3N DE DATOS\u201d.<\/p><p>Puede descargarse el escrito correspondiente desde los siguientes enlaces:<\/p><p><a href=\"https:\/\/www.aepd.es\/media\/formularios\/formulario-derecho-de-acceso.pdf\" target=\"_blank\" rel=\"noopener\">https:\/\/www.aepd.es\/media\/formularios\/formulario-derecho-de-acceso.pdf<\/a><br \/><a href=\"https:\/\/www.aepd.es\/media\/formularios\/formulario-derecho-de-rectificacion.pdf\" target=\"_blank\" rel=\"noopener\">https:\/\/www.aepd.es\/media\/formularios\/formulario-derecho-de-rectificacion.pdf<\/a><br \/><a href=\"https:\/\/www.aepd.es\/media\/formularios\/formulario-derecho-de-oposicion.pdf\" target=\"_blank\" rel=\"noopener\">https:\/\/www.aepd.es\/media\/formularios\/formulario-derecho-de-oposicion.pdf<\/a><br \/><a href=\"https:\/\/www.aepd.es\/media\/formularios\/formulario-derecho-de-supresion.pdf\" target=\"_blank\" rel=\"noopener\">https:\/\/www.aepd.es\/media\/formularios\/formulario-derecho-de-supresion.pdf<\/a><br \/><a href=\"https:\/\/www.aepd.es\/media\/formularios\/formulario-derecho-de-limitacion.pdf\" target=\"_blank\" rel=\"noopener\">https:\/\/www.aepd.es\/media\/formularios\/formulario-derecho-de-limitacion.pdf<\/a><br \/><a href=\"https:\/\/www.aepd.es\/media\/formularios\/formulario-derecho-de-portabilidad.pdf\" target=\"_blank\" rel=\"noopener\">https:\/\/www.aepd.es\/media\/formularios\/formulario-derecho-de-portabilidad.pdf<\/a><\/p><p>Asimismo, se informa de su derecho a presentar una reclamaci\u00f3n derivada del tratamiento de sus datos personales ante la Agencia Espa\u00f1ola de Protecci\u00f3n de Datos. No obstante, si considera que no hemos tratado sus datos personales de forma adecuada, podr\u00e1 contactar con nuestro Delegado de Protecci\u00f3n de Datos en la siguiente direcci\u00f3n: dpo@elizbarrutikoikastetxeak.org<\/p><h4 class=\"pdt20\">SEGURIDAD DE LOS DATOS<\/h4><p>Toda informaci\u00f3n personal que nos sea facilitada ser\u00e1 tratada de forma confidencial y dando cumplimiento a las obligaciones de seguridad necesarias para impedir el acceso por terceros no autorizados y evitar su alteraci\u00f3n, p\u00e9rdida o tratamiento no autorizado.<\/p><\/section>\t\t\t\t\t<\/div>\n\t\t\t\t\t\t<\/div>\n\t\t\t\t<\/div>\n\t\t\t\t\t\t<\/div>\n\t\t\t\t\t<\/div>\n\t\t<\/div>\n\t\t\t\t\t\t\t\t<\/div>\n\t\t\t\t\t<\/div>\n\t\t<\/section>\n\t\t\t\t\t\t<\/div>\n\t\t\t\t\t\t<\/div>\n\t\t\t\t\t<\/div>\n\t\t","protected":false},"excerpt":{"rendered":"<p>POL\u00cdTICA DE PRIVACIDAD Conforme al Reglamento (UE) 2016\/679 del Parlamento y del Consejo de 27 de abril de 2016, relativo a la protecci\u00f3n de las personas f\u00edsicas en lo que [&hellip;]<\/p>\n","protected":false},"author":1,"featured_media":0,"parent":0,"menu_order":0,"comment_status":"closed","ping_status":"open","template":"","meta":{"ngg_post_thumbnail":0},"_links":{"self":[{"href":"https:\/\/www.iparragirre.org\/es\/wp-json\/wp\/v2\/pages\/3"}],"collection":[{"href":"https:\/\/www.iparragirre.org\/es\/wp-json\/wp\/v2\/pages"}],"about":[{"href":"https:\/\/www.iparragirre.org\/es\/wp-json\/wp\/v2\/types\/page"}],"author":[{"embeddable":true,"href":"https:\/\/www.iparragirre.org\/es\/wp-json\/wp\/v2\/users\/1"}],"replies":[{"embeddable":true,"href":"https:\/\/www.iparragirre.org\/es\/wp-json\/wp\/v2\/comments?post=3"}],"version-history":[{"count":7,"href":"https:\/\/www.iparragirre.org\/es\/wp-json\/wp\/v2\/pages\/3\/revisions"}],"predecessor-version":[{"id":10142,"href":"https:\/\/www.iparragirre.org\/es\/wp-json\/wp\/v2\/pages\/3\/revisions\/10142"}],"wp:attachment":[{"href":"https:\/\/www.iparragirre.org\/es\/wp-json\/wp\/v2\/media?parent=3"}],"curies":[{"name":"wp","href":"https:\/\/api.w.org\/{rel}","templated":true}]}}

Política de privacidad

<div data-elementor-type="wp-page" data-elementor-id="3" class="elementor elementor-3" data-elementor-settings="[]">
						<div class="elementor-inner">
							<div class="elementor-section-wrap">
							<section class="elementor-section elementor-top-section elementor-element elementor-element-79051bba elementor-section-boxed elementor-section-height-default elementor-section-height-default" data-id="79051bba" data-element_type="section">
						<div class="elementor-container elementor-column-gap-default">
							<div class="elementor-row">
					<div class="elementor-column elementor-col-100 elementor-top-column elementor-element elementor-element-574df293" data-id="574df293" data-element_type="column">
			<div class="elementor-column-wrap elementor-element-populated">
							<div class="elementor-widget-wrap">
						<div class="elementor-element elementor-element-5b3e7348 elementor-widget elementor-widget-text-editor" data-id="5b3e7348" data-element_type="widget" data-widget_type="text-editor.default">
				<div class="elementor-widget-container">
								<div class="elementor-text-editor elementor-clearfix">
				<section id="primary" class="content-full-width"><h4 class="pdt20">POLÍTICA DE PRIVACIDAD</h4><p>Conforme al Reglamento (UE) 2016/679 del Parlamento y del Consejo de 27 de abril de 2016, relativo a la protección de las personas físicas en lo que respecta al tratamiento de sus datos personales y a la libre circulación de éstos, le informamos de los siguientes aspectos:</p><h4 class="pdt20">¿QUIÉN ES EL RESPONSABLE DEL TRATAMIENTO DE SUS DATOS?</h4><p>El responsable del tratamiento es Iparragirre Ikastola, con domicilio en c/ Iparragirre 58, 48010 Bilbao y CIF R4800606-H. En cumplimiento de la normativa de protección de datos este Centro Educativo ha designado un Delegado de Protección de Datos (DPO / Data Protection Officer) cuyo nombramiento ha recaído en Bultz-Lan Consulting.</p><p>Puede contactar con nuestro DPO en la siguiente dirección de correo electrónico: <a href="mailto:dpo@elizbarrutikoikastetxeak.org">dpo@elizbarrutikoikastetxeak.org</a></p><h4 class="pdt20">FINALIDAD DE LOS DATOS PERSONALES QUE TRATAMOS</h4><p>Sus datos personales podrán ser tratados con las siguientes finalidades:</p><ul><li>Formalización de la matrícula.</li><li>Gestionar las solicitudes de información para realizar estudios en nuestro Centro.</li><li>Para informarles de nuestras actividades y de nuestra oferta académica.</li><li>Para el desarrollo y prestación de nuestros servicios.</li><li>Para el cumplimiento de las obligaciones legales derivadas de los servicios educativos que ofrecemos.</li><li>Gestión de los datos de los curriculum recibidos para trabajar en nuestro centro.</li><li>Videovigilancia: el Centro dispone de un sistema de videovigilancia cuya finalidad es exclusivamente la seguridad de las personas y de los bienes.</li></ul><h4 class="pdt20">LEGITIMACIÓN LEGAL PARA EL TRATAMIENTO DE SUS DATOS</h4><p>La base legal para el tratamiento de sus datos está basado en el consentimiento obtenido de la persona interesada. Asimismo, este Centro Educativo está legitimado para el tratamiento de los datos personales de su alumnado en virtud de la Ley Orgánica de Educación (LOE)</p><h4 class="pdt20">¿POR CUÁNTO TIEMPO SE CONSERVARÁN SUS DATOS?</h4><p>Los datos del alumno/a relacionados con su expediente académico se conservarán de forma indefinida, conforme a la Ley Orgánica de Educación.</p><p>Los datos personales de contacto se conservarán mientras no se solicite su supresión por el interesado.</p><p>Los datos tratados para el cumplimiento de obligaciones legales se conservarán durante el tiempo establecido en la legislación aplicable.</p><p>Los datos tratados para el envío de las comunicaciones electrónicas a las que se haya suscrito serán conservados mientras no se dé de baja del newsletter y/o ejercite sus derechos de oposición y/o supresión.</p><p>Los datos personales de los curriculums vitae recibidos se conservarán mientras no se solicite su supresión por el interesado.</p><h4 class="pdt20">¿A QUIÉNES SE PODRÁN COMUNICAR SUS DATOS?</h4><p>Determinados datos personales que nos proporciona podrán cederse para la prestación de las finalidades antedichas.</p><p>En su caso, a otros Centros Educativos en los que el alumno/a continúe con su itinerario educativo, a instituciones y empresas en las que el alumnado participa en actividades complementarias y/o cuando realicen intercambios escolares, al AMPA y/o a la Asociación de antiguos alumnos del centro, al Departamento de Educación del Gobierno Vasco, a entidades financieras para gestionar el cobro de matrícula y cuotas académicas, a la compañía de seguros con la que se tiene contratado el seguro escolar, y toda otra cesión autorizada por Ley.</p><h4 class="pdt20">DERECHOS</h4><p>Podrá ejercitar sus derechos de acceso, rectificación, supresión, limitación y demás derechos regulados en la normativa de protección de datos, enviando una carta a la dirección arriba indicada o bien por correo electrónico a ikastola@iparragirre.org. Deberá enviarse junto con prueba válida en derecho, como fotocopia del DNI e indicando en el asunto “PROTECCIÓN DE DATOS”.</p><p>Puede descargarse el escrito correspondiente desde los siguientes enlaces:</p><p><a href="https://www.aepd.es/media/formularios/formulario-derecho-de-acceso.pdf" target="_blank" rel="noopener">https://www.aepd.es/media/formularios/formulario-derecho-de-acceso.pdf</a><br /><a href="https://www.aepd.es/media/formularios/formulario-derecho-de-rectificacion.pdf" target="_blank" rel="noopener">https://www.aepd.es/media/formularios/formulario-derecho-de-rectificacion.pdf</a><br /><a href="https://www.aepd.es/media/formularios/formulario-derecho-de-oposicion.pdf" target="_blank" rel="noopener">https://www.aepd.es/media/formularios/formulario-derecho-de-oposicion.pdf</a><br /><a href="https://www.aepd.es/media/formularios/formulario-derecho-de-supresion.pdf" target="_blank" rel="noopener">https://www.aepd.es/media/formularios/formulario-derecho-de-supresion.pdf</a><br /><a href="https://www.aepd.es/media/formularios/formulario-derecho-de-limitacion.pdf" target="_blank" rel="noopener">https://www.aepd.es/media/formularios/formulario-derecho-de-limitacion.pdf</a><br /><a href="https://www.aepd.es/media/formularios/formulario-derecho-de-portabilidad.pdf" target="_blank" rel="noopener">https://www.aepd.es/media/formularios/formulario-derecho-de-portabilidad.pdf</a></p><p>Asimismo, se informa de su derecho a presentar una reclamación derivada del tratamiento de sus datos personales ante la Agencia Española de Protección de Datos. No obstante, si considera que no hemos tratado sus datos personales de forma adecuada, podrá contactar con nuestro Delegado de Protección de Datos en la siguiente dirección: dpo@elizbarrutikoikastetxeak.org</p><h4 class="pdt20">SEGURIDAD DE LOS DATOS</h4><p>Toda información personal que nos sea facilitada será tratada de forma confidencial y dando cumplimiento a las obligaciones de seguridad necesarias para impedir el acceso por terceros no autorizados y evitar su alteración, pérdida o tratamiento no autorizado.</p></section>					</div>
						</div>
				</div>
						</div>
					</div>
		</div>
								</div>
					</div>
		</section>
						</div>
						</div>
					</div>

<p>POLÍTICA DE PRIVACIDAD Conforme al Reglamento (UE) 2016/679 del Parlamento y del Consejo de 27 de abril de 2016, relativo a la protección de las personas físicas en lo que [&hellip;]</p>
